{"id":469,"date":"2023-06-06T23:46:53","date_gmt":"2023-06-06T23:46:53","guid":{"rendered":"https:\/\/meprec.com.co\/maprec\/?page_id=469"},"modified":"2023-06-07T00:29:28","modified_gmt":"2023-06-07T00:29:28","slug":"blisteadora-gb100","status":"publish","type":"page","link":"https:\/\/meprec.com.co\/maprec\/blisteadora-gb100\/","title":{"rendered":"Blisteadora GB100"},"content":{"rendered":"\t\t<div data-elementor-type=\"wp-page\" data-elementor-id=\"469\" class=\"elementor elementor-469\">\n\t\t\t\t\t\t\t<div class=\"elementor-element elementor-element-ee2b798 e-flex e-con-boxed e-con e-parent\" data-id=\"ee2b798\" data-element_type=\"container\" data-settings=\"{&quot;background_background&quot;:&quot;classic&quot;,&quot;content_width&quot;:&quot;boxed&quot;}\" data-core-v316-plus=\"true\">\n\t\t\t\t\t<div class=\"e-con-inner\">\n\t\t\t\t<div class=\"elementor-element elementor-element-10584dc elementor-invisible elementor-widget elementor-widget-heading\" data-id=\"10584dc\" data-element_type=\"widget\" data-settings=\"{&quot;_animation&quot;:&quot;fadeInUp&quot;}\" data-widget_type=\"heading.default\">\n\t\t\t\t<div class=\"elementor-widget-container\">\n\t\t\t<style>\/*! elementor - v3.16.0 - 09-10-2023 *\/\n.elementor-heading-title{padding:0;margin:0;line-height:1}.elementor-widget-heading .elementor-heading-title[class*=elementor-size-]>a{color:inherit;font-size:inherit;line-height:inherit}.elementor-widget-heading .elementor-heading-title.elementor-size-small{font-size:15px}.elementor-widget-heading .elementor-heading-title.elementor-size-medium{font-size:19px}.elementor-widget-heading .elementor-heading-title.elementor-size-large{font-size:29px}.elementor-widget-heading .elementor-heading-title.elementor-size-xl{font-size:39px}.elementor-widget-heading .elementor-heading-title.elementor-size-xxl{font-size:59px}<\/style><h1 class=\"elementor-heading-title elementor-size-default\">Blisteadora GB100\n<\/h1>\t\t<\/div>\n\t\t\t\t<\/div>\n\t\t\t\t<div class=\"elementor-element elementor-element-64a5196 elementor-invisible elementor-widget elementor-widget-heading\" data-id=\"64a5196\" data-element_type=\"widget\" data-settings=\"{&quot;_animation&quot;:&quot;fadeInUp&quot;}\" data-widget_type=\"heading.default\">\n\t\t\t\t<div class=\"elementor-widget-container\">\n\t\t\t<h2 class=\"elementor-heading-title elementor-size-default\">Una m\u00e1quina completamente neum\u00e1tica y automatizada con PLC<\/h2>\t\t<\/div>\n\t\t\t\t<\/div>\n\t\t\t\t\t<\/div>\n\t\t\t\t<\/div>\n\t\t<div class=\"elementor-element elementor-element-4719a68 e-flex e-con-boxed e-con e-parent\" data-id=\"4719a68\" data-element_type=\"container\" data-settings=\"{&quot;content_width&quot;:&quot;boxed&quot;}\" data-core-v316-plus=\"true\">\n\t\t\t\t\t<div class=\"e-con-inner\">\n\t\t<div class=\"elementor-element elementor-element-17428ce e-flex e-con-boxed elementor-invisible e-con e-parent\" data-id=\"17428ce\" data-element_type=\"container\" data-settings=\"{&quot;animation&quot;:&quot;fadeInLeft&quot;,&quot;content_width&quot;:&quot;boxed&quot;}\" data-core-v316-plus=\"true\">\n\t\t\t\t\t<div class=\"e-con-inner\">\n\t\t\t\t<div class=\"elementor-element elementor-element-c4e2dc4 elementor-widget elementor-widget-image\" data-id=\"c4e2dc4\" data-element_type=\"widget\" data-widget_type=\"image.default\">\n\t\t\t\t<div class=\"elementor-widget-container\">\n\t\t\t<style>\/*! elementor - v3.16.0 - 09-10-2023 *\/\n.elementor-widget-image{text-align:center}.elementor-widget-image a{display:inline-block}.elementor-widget-image a img[src$=\".svg\"]{width:48px}.elementor-widget-image img{vertical-align:middle;display:inline-block}<\/style>\t\t\t\t\t\t\t\t\t\t\t\t<img loading=\"lazy\" decoding=\"async\" width=\"900\" height=\"957\" src=\"https:\/\/meprec.com.co\/maprec\/wp-content\/uploads\/2023\/06\/nosotros-maprec.jpg\" class=\"attachment-large size-large wp-image-335\" alt=\"\" srcset=\"https:\/\/meprec.com.co\/maprec\/wp-content\/uploads\/2023\/06\/nosotros-maprec.jpg 900w, https:\/\/meprec.com.co\/maprec\/wp-content\/uploads\/2023\/06\/nosotros-maprec-282x300.jpg 282w, https:\/\/meprec.com.co\/maprec\/wp-content\/uploads\/2023\/06\/nosotros-maprec-768x817.jpg 768w\" sizes=\"auto, (max-width: 900px) 100vw, 900px\" \/>\t\t\t\t\t\t\t\t\t\t\t\t\t\t\t<\/div>\n\t\t\t\t<\/div>\n\t\t\t\t\t<\/div>\n\t\t\t\t<\/div>\n\t\t<div class=\"elementor-element elementor-element-b31c8e6 e-flex e-con-boxed elementor-invisible e-con e-parent\" data-id=\"b31c8e6\" data-element_type=\"container\" data-settings=\"{&quot;animation&quot;:&quot;fadeInUp&quot;,&quot;content_width&quot;:&quot;boxed&quot;}\" data-core-v316-plus=\"true\">\n\t\t\t\t\t<div class=\"e-con-inner\">\n\t\t\t\t<div class=\"elementor-element elementor-element-ece6503 elementor-widget elementor-widget-heading\" data-id=\"ece6503\" data-element_type=\"widget\" data-widget_type=\"heading.default\">\n\t\t\t\t<div class=\"elementor-widget-container\">\n\t\t\t<h2 class=\"elementor-heading-title elementor-size-default\">Dise\u00f1o e Innovaci\u00f3n\n<\/h2>\t\t<\/div>\n\t\t\t\t<\/div>\n\t\t\t\t<div class=\"elementor-element elementor-element-9880fab elementor-widget elementor-widget-text-editor\" data-id=\"9880fab\" data-element_type=\"widget\" data-widget_type=\"text-editor.default\">\n\t\t\t\t<div class=\"elementor-widget-container\">\n\t\t\t<style>\/*! elementor - v3.16.0 - 09-10-2023 *\/\n.elementor-widget-text-editor.elementor-drop-cap-view-stacked .elementor-drop-cap{background-color:#69727d;color:#fff}.elementor-widget-text-editor.elementor-drop-cap-view-framed .elementor-drop-cap{color:#69727d;border:3px solid;background-color:transparent}.elementor-widget-text-editor:not(.elementor-drop-cap-view-default) .elementor-drop-cap{margin-top:8px}.elementor-widget-text-editor:not(.elementor-drop-cap-view-default) .elementor-drop-cap-letter{width:1em;height:1em}.elementor-widget-text-editor .elementor-drop-cap{float:left;text-align:center;line-height:1;font-size:50px}.elementor-widget-text-editor .elementor-drop-cap-letter{display:inline-block}<\/style>\t\t\t\t<h5 class=\"gray\">MEPREC LTDA presenta un avance en soluciones bajo un concepto de calidad total y bajo costo de operaci\u00f3n. La blisteadora GB-100.<\/h5><p>Una m\u00e1quina completamente neum\u00e1tica y automatizada con PLC, desde donde el operario coordina todas las funciones electr\u00f3nicamente. R\u00e1pido acceso a cada una de sus variables permitiendo controlar velocidad, temperaturas y activaci\u00f3n de una o m\u00e1s estaciones para una puesta a punto m\u00e1s eficiente.<br \/><br \/>Su funcionamiento neum\u00e1tico nos ofrece una operaci\u00f3n m\u00e1s limpia al no tener accionamientos mec\u00e1nicos con grasas y aceites. Tambi\u00e9n nos ofrece costos de mantenimiento muy bajos debido a la larga vida de la neum\u00e1tica. Menos mantenimientos, menos cambio de piezas de desgaste es igual a mayor econom\u00eda.<\/p>\t\t\t\t\t\t<\/div>\n\t\t\t\t<\/div>\n\t\t\t\t\t<\/div>\n\t\t\t\t<\/div>\n\t\t\t\t\t<\/div>\n\t\t\t\t<\/div>\n\t\t<div class=\"elementor-element elementor-element-2f7f3cd e-flex e-con-boxed e-con e-parent\" data-id=\"2f7f3cd\" data-element_type=\"container\" data-settings=\"{&quot;background_background&quot;:&quot;classic&quot;,&quot;content_width&quot;:&quot;boxed&quot;}\" data-core-v316-plus=\"true\">\n\t\t\t\t\t<div class=\"e-con-inner\">\n\t\t<div class=\"elementor-element elementor-element-b37298f e-flex e-con-boxed elementor-invisible e-con e-parent\" data-id=\"b37298f\" data-element_type=\"container\" data-settings=\"{&quot;animation&quot;:&quot;fadeInUp&quot;,&quot;content_width&quot;:&quot;boxed&quot;}\" data-core-v316-plus=\"true\">\n\t\t\t\t\t<div class=\"e-con-inner\">\n\t\t\t\t<div class=\"elementor-element elementor-element-3c00d0e elementor-widget elementor-widget-heading\" data-id=\"3c00d0e\" data-element_type=\"widget\" data-widget_type=\"heading.default\">\n\t\t\t\t<div class=\"elementor-widget-container\">\n\t\t\t<h2 class=\"elementor-heading-title elementor-size-default\">Funcionamiento<\/h2>\t\t<\/div>\n\t\t\t\t<\/div>\n\t\t\t\t<div class=\"elementor-element elementor-element-ece4e59 elementor-widget elementor-widget-text-editor\" data-id=\"ece4e59\" data-element_type=\"widget\" data-widget_type=\"text-editor.default\">\n\t\t\t\t<div class=\"elementor-widget-container\">\n\t\t\t\t\t\t\t<p>La blisteadora GB-100 es una m\u00e1quina compacta de f\u00e1cil e intuitivo manejo. Est\u00e1 construida en materiales de alta resistencia y aleaciones ligeras, haci\u00e9ndola una blisteadora de f\u00e1cil operaci\u00f3n, donde se puede acceder r\u00e1pidamente a todas las partes de la m\u00e1quina, dado que las protecciones son f\u00e1ciles de desmontar y montar.<\/p>\t\t\t\t\t\t<\/div>\n\t\t\t\t<\/div>\n\t\t\t\t\t<\/div>\n\t\t\t\t<\/div>\n\t\t<div class=\"elementor-element elementor-element-e6e1070 e-flex e-con-boxed elementor-invisible e-con e-parent\" data-id=\"e6e1070\" data-element_type=\"container\" data-settings=\"{&quot;animation&quot;:&quot;fadeInRight&quot;,&quot;content_width&quot;:&quot;boxed&quot;}\" data-core-v316-plus=\"true\">\n\t\t\t\t\t<div class=\"e-con-inner\">\n\t\t\t\t<div class=\"elementor-element elementor-element-969395b elementor-widget elementor-widget-video\" data-id=\"969395b\" data-element_type=\"widget\" data-settings=\"{&quot;youtube_url&quot;:&quot;https:\\\/\\\/youtu.be\\\/YT96jARgOcQ&quot;,&quot;video_type&quot;:&quot;youtube&quot;,&quot;controls&quot;:&quot;yes&quot;}\" data-widget_type=\"video.default\">\n\t\t\t\t<div class=\"elementor-widget-container\">\n\t\t\t<style>\/*! elementor - v3.16.0 - 09-10-2023 *\/\n.elementor-widget-video .elementor-widget-container{overflow:hidden;transform:translateZ(0)}.elementor-widget-video .elementor-wrapper{aspect-ratio:var(--video-aspect-ratio)}.elementor-widget-video .elementor-wrapper iframe,.elementor-widget-video .elementor-wrapper video{height:100%;width:100%;display:flex;border:none;background-color:#000}@supports not (aspect-ratio:1\/1){.elementor-widget-video .elementor-wrapper{position:relative;overflow:hidden;height:0;padding-bottom:calc(100% \/ var(--video-aspect-ratio))}.elementor-widget-video .elementor-wrapper iframe,.elementor-widget-video .elementor-wrapper video{position:absolute;top:0;right:0;bottom:0;left:0}}.elementor-widget-video .elementor-open-inline .elementor-custom-embed-image-overlay{position:absolute;top:0;right:0;bottom:0;left:0;background-size:cover;background-position:50%}.elementor-widget-video .elementor-custom-embed-image-overlay{cursor:pointer;text-align:center}.elementor-widget-video .elementor-custom-embed-image-overlay:hover .elementor-custom-embed-play i{opacity:1}.elementor-widget-video .elementor-custom-embed-image-overlay img{display:block;width:100%;aspect-ratio:var(--video-aspect-ratio);-o-object-fit:cover;object-fit:cover;-o-object-position:center center;object-position:center center}@supports not (aspect-ratio:1\/1){.elementor-widget-video .elementor-custom-embed-image-overlay{position:relative;overflow:hidden;height:0;padding-bottom:calc(100% \/ var(--video-aspect-ratio))}.elementor-widget-video .elementor-custom-embed-image-overlay img{position:absolute;top:0;right:0;bottom:0;left:0}}.elementor-widget-video .e-hosted-video .elementor-video{-o-object-fit:cover;object-fit:cover}.e-con-inner>.elementor-widget-video,.e-con>.elementor-widget-video{width:var(--container-widget-width);--flex-grow:var(--container-widget-flex-grow)}<\/style>\t\t<div class=\"elementor-wrapper elementor-open-inline\">\n\t\t\t<div class=\"elementor-video\"><\/div>\t\t<\/div>\n\t\t\t\t<\/div>\n\t\t\t\t<\/div>\n\t\t\t\t\t<\/div>\n\t\t\t\t<\/div>\n\t\t\t\t\t<\/div>\n\t\t\t\t<\/div>\n\t\t<div class=\"elementor-element elementor-element-431901d e-flex e-con-boxed e-con e-parent\" data-id=\"431901d\" data-element_type=\"container\" data-settings=\"{&quot;content_width&quot;:&quot;boxed&quot;}\" data-core-v316-plus=\"true\">\n\t\t\t\t\t<div class=\"e-con-inner\">\n\t\t<div class=\"elementor-element elementor-element-f5aba14 e-flex e-con-boxed elementor-invisible e-con e-parent\" data-id=\"f5aba14\" data-element_type=\"container\" data-settings=\"{&quot;animation&quot;:&quot;fadeInUp&quot;,&quot;content_width&quot;:&quot;boxed&quot;}\" data-core-v316-plus=\"true\">\n\t\t\t\t\t<div class=\"e-con-inner\">\n\t\t\t\t<div class=\"elementor-element elementor-element-9e277b0 elementor-widget elementor-widget-heading\" data-id=\"9e277b0\" data-element_type=\"widget\" data-widget_type=\"heading.default\">\n\t\t\t\t<div class=\"elementor-widget-container\">\n\t\t\t<h2 class=\"elementor-heading-title elementor-size-default\">Versatilidad<\/h2>\t\t<\/div>\n\t\t\t\t<\/div>\n\t\t\t\t<div class=\"elementor-element elementor-element-d10d08b elementor-widget elementor-widget-text-editor\" data-id=\"d10d08b\" data-element_type=\"widget\" data-widget_type=\"text-editor.default\">\n\t\t\t\t<div class=\"elementor-widget-container\">\n\t\t\t\t\t\t\t<p>La GB-100 es una blisteadora apta para trabajar con cualquier tipo de materiales como: PVC, PVDC, ACLAR O MULTILAMINADOS y materiales de alta barrera como el ALU-ALU.<br \/>La GB-100 es la blisteadora ideal para aplicaciones en plantas piloto, desarrollo gal\u00e9nico y peque\u00f1as producciones.<\/p>\t\t\t\t\t\t<\/div>\n\t\t\t\t<\/div>\n\t\t\t\t\t<\/div>\n\t\t\t\t<\/div>\n\t\t<div class=\"elementor-element elementor-element-2ac9711 e-flex e-con-boxed elementor-invisible e-con e-parent\" data-id=\"2ac9711\" data-element_type=\"container\" data-settings=\"{&quot;animation&quot;:&quot;fadeInRight&quot;,&quot;content_width&quot;:&quot;boxed&quot;}\" data-core-v316-plus=\"true\">\n\t\t\t\t\t<div class=\"e-con-inner\">\n\t\t\t\t<div class=\"elementor-element elementor-element-8e1b240 elementor-widget elementor-widget-image\" data-id=\"8e1b240\" data-element_type=\"widget\" data-widget_type=\"image.default\">\n\t\t\t\t<div class=\"elementor-widget-container\">\n\t\t\t\t\t\t\t\t\t\t\t\t\t\t\t<img loading=\"lazy\" decoding=\"async\" width=\"585\" height=\"346\" src=\"https:\/\/meprec.com.co\/maprec\/wp-content\/uploads\/2023\/06\/Blisteadora-GB100-1.jpg\" class=\"attachment-large size-large wp-image-473\" alt=\"\" srcset=\"https:\/\/meprec.com.co\/maprec\/wp-content\/uploads\/2023\/06\/Blisteadora-GB100-1.jpg 585w, https:\/\/meprec.com.co\/maprec\/wp-content\/uploads\/2023\/06\/Blisteadora-GB100-1-300x177.jpg 300w\" sizes=\"auto, (max-width: 585px) 100vw, 585px\" \/>\t\t\t\t\t\t\t\t\t\t\t\t\t\t\t<\/div>\n\t\t\t\t<\/div>\n\t\t\t\t\t<\/div>\n\t\t\t\t<\/div>\n\t\t\t\t\t<\/div>\n\t\t\t\t<\/div>\n\t\t<div class=\"elementor-element elementor-element-757674c e-flex e-con-boxed e-con e-parent\" data-id=\"757674c\" data-element_type=\"container\" data-settings=\"{&quot;content_width&quot;:&quot;boxed&quot;}\" data-core-v316-plus=\"true\">\n\t\t\t\t\t<div class=\"e-con-inner\">\n\t\t<div class=\"elementor-element elementor-element-c5221ec e-flex e-con-boxed elementor-invisible e-con e-parent\" data-id=\"c5221ec\" data-element_type=\"container\" data-settings=\"{&quot;animation&quot;:&quot;fadeInLeft&quot;,&quot;content_width&quot;:&quot;boxed&quot;}\" data-core-v316-plus=\"true\">\n\t\t\t\t\t<div class=\"e-con-inner\">\n\t\t\t\t<div class=\"elementor-element elementor-element-52098b5 elementor-widget elementor-widget-image\" data-id=\"52098b5\" data-element_type=\"widget\" data-widget_type=\"image.default\">\n\t\t\t\t<div class=\"elementor-widget-container\">\n\t\t\t\t\t\t\t\t\t\t\t\t\t\t\t<img loading=\"lazy\" decoding=\"async\" width=\"616\" height=\"616\" src=\"https:\/\/meprec.com.co\/maprec\/wp-content\/uploads\/2023\/06\/Blisteadora-GB100-2.jpg\" class=\"attachment-large size-large wp-image-477\" alt=\"\" srcset=\"https:\/\/meprec.com.co\/maprec\/wp-content\/uploads\/2023\/06\/Blisteadora-GB100-2.jpg 616w, https:\/\/meprec.com.co\/maprec\/wp-content\/uploads\/2023\/06\/Blisteadora-GB100-2-300x300.jpg 300w, https:\/\/meprec.com.co\/maprec\/wp-content\/uploads\/2023\/06\/Blisteadora-GB100-2-150x150.jpg 150w, https:\/\/meprec.com.co\/maprec\/wp-content\/uploads\/2023\/06\/Blisteadora-GB100-2-600x600.jpg 600w\" sizes=\"auto, (max-width: 616px) 100vw, 616px\" \/>\t\t\t\t\t\t\t\t\t\t\t\t\t\t\t<\/div>\n\t\t\t\t<\/div>\n\t\t\t\t\t<\/div>\n\t\t\t\t<\/div>\n\t\t<div class=\"elementor-element elementor-element-2276b98 e-flex e-con-boxed elementor-invisible e-con e-parent\" data-id=\"2276b98\" data-element_type=\"container\" data-settings=\"{&quot;animation&quot;:&quot;fadeInUp&quot;,&quot;content_width&quot;:&quot;boxed&quot;}\" data-core-v316-plus=\"true\">\n\t\t\t\t\t<div class=\"e-con-inner\">\n\t\t\t\t<div class=\"elementor-element elementor-element-660a786 elementor-widget elementor-widget-heading\" data-id=\"660a786\" data-element_type=\"widget\" data-widget_type=\"heading.default\">\n\t\t\t\t<div class=\"elementor-widget-container\">\n\t\t\t<h2 class=\"elementor-heading-title elementor-size-default\">Versatilidad<\/h2>\t\t<\/div>\n\t\t\t\t<\/div>\n\t\t\t\t<div class=\"elementor-element elementor-element-c6dc270 elementor-widget elementor-widget-text-editor\" data-id=\"c6dc270\" data-element_type=\"widget\" data-widget_type=\"text-editor.default\">\n\t\t\t\t<div class=\"elementor-widget-container\">\n\t\t\t\t\t\t\t<p>La GB-100 es una blisteadora apta para trabajar con cualquier tipo de materiales como: PVC, PVDC, ACLAR O MULTILAMINADOS y materiales de alta barrera como el ALU-ALU.<br \/>La GB-100 es la blisteadora ideal para aplicaciones en plantas piloto, desarrollo gal\u00e9nico y peque\u00f1as producciones.<\/p>\t\t\t\t\t\t<\/div>\n\t\t\t\t<\/div>\n\t\t\t\t\t<\/div>\n\t\t\t\t<\/div>\n\t\t\t\t\t<\/div>\n\t\t\t\t<\/div>\n\t\t\t\t\t\t\t<\/div>\n\t\t","protected":false},"excerpt":{"rendered":"<p>Blisteadora GB100 Una m\u00e1quina completamente neum\u00e1tica y automatizada con PLC Dise\u00f1o e Innovaci\u00f3n MEPREC LTDA presenta un avance en soluciones bajo un concepto de calidad total y bajo costo de operaci\u00f3n. La blisteadora GB-100. Una m\u00e1quina completamente neum\u00e1tica y automatizada con PLC, desde donde el operario coordina todas las funciones electr\u00f3nicamente. R\u00e1pido acceso a cada [&hellip;]<\/p>\n","protected":false},"author":1,"featured_media":0,"parent":0,"menu_order":0,"comment_status":"closed","ping_status":"closed","template":"elementor_header_footer","meta":{"footnotes":""},"class_list":["post-469","page","type-page","status-publish","hentry","entry"],"_links":{"self":[{"href":"https:\/\/meprec.com.co\/maprec\/wp-json\/wp\/v2\/pages\/469","targetHints":{"allow":["GET"]}}],"collection":[{"href":"https:\/\/meprec.com.co\/maprec\/wp-json\/wp\/v2\/pages"}],"about":[{"href":"https:\/\/meprec.com.co\/maprec\/wp-json\/wp\/v2\/types\/page"}],"author":[{"embeddable":true,"href":"https:\/\/meprec.com.co\/maprec\/wp-json\/wp\/v2\/users\/1"}],"replies":[{"embeddable":true,"href":"https:\/\/meprec.com.co\/maprec\/wp-json\/wp\/v2\/comments?post=469"}],"version-history":[{"count":14,"href":"https:\/\/meprec.com.co\/maprec\/wp-json\/wp\/v2\/pages\/469\/revisions"}],"predecessor-version":[{"id":511,"href":"https:\/\/meprec.com.co\/maprec\/wp-json\/wp\/v2\/pages\/469\/revisions\/511"}],"wp:attachment":[{"href":"https:\/\/meprec.com.co\/maprec\/wp-json\/wp\/v2\/media?parent=469"}],"curies":[{"name":"wp","href":"https:\/\/api.w.org\/{rel}","templated":true}]}}